In base 9, what is -41338 + -3?
-41342
In base 14, what is 6d6a + 1?
6d6b
In base 2, what is -1000110 + 100100010?
11011100
In base 16, what is -6 + e607?
e601
In base 3, what is -12 + 11120?
11101
In base 6, what is 3 + 3053210?
3053213
In base 6, what is -1 + -4243304?
-4243305
In base 2, what is -11001100 + -1010011111011?
-1010111000111
In base 4, what is -111 + 21003?
20232
In base 5, what is 22 - 3231141?
-3231114
In base 3, what is -1221100202 + 11?
-1221100121
In base 13, what is -2728 - -74?
-2684
In base 6, what is -144505 + 23?
-144442
In base 13, what is -1 + 1c849?
1c848
In base 15, what is 6 + -2098?
-2092
In base 7, what is -4 + 1116602?
1116565
In base 16, what is -3 - -20be?
20bb
In base 14, what is -c3a3 + 3?
-c3a0
In base 16, what is -7 - -3647e?
36477
In base 11, what is 4 - 15a566?
-15a562
In base 7, what is -120643 + -25?
-121001
In base 9, what is 8 + -105707?
-105688
In base 7, what is 3 + -2022?
-2016
In base 8, what is -10 + 57106?
57076
In base 6, what is -104330 + -3?
-104333
In base 2, what is -100010111 + -110000?
-101000111
In base 10, what is 1 + -4636?
-4635
In base 4, what is -1011132 + 3?
-1011123
In base 10, what is 18 + -252391?
-252373
In base 3, what is -210211012110 + 2?
-210211012101
In base 4, what is -201 - 102132?
-102333
In base 8, what is 12 + -6624?
-6612
In base 11, what is 60 + -14714?
-14664
In base 5, what is 13412100 + -1?
13412044
In base 14, what is -d8 - 403?
-4db
In base 2, what is -1011 + 11011110011101?
11011110010010
In base 11, what is -132 - -157?
25
In base 4, what is 0 + 112122220?
112122220
In base 8, what is -1314 - 60?
-1374
In base 14, what is -8 + -3233a?
-32344
In base 12, what is 16868 - -9?
16875
In base 8, what is -3376 + -17?
-3415
In base 3, what is -12120 - -120000?
100110
In base 11, what is -17 - 824?
-840
In base 8, what is 4266 + -236?
4030
In base 3, what is -1 - 101002222?
-101010000
In base 9, what is 87075 - 1?
87074
In base 14, what is 25c02 - a?
25bd6
In base 14, what is -8040a - a?
-80416
In base 14, what is -37 - -967?
930
In base 13, what is 1584 - -6?
158a
In base 15, what is -4 + -5982?
-5986
In base 10, what is -675 - -1195?
520
In base 11, what is 4 + -137005?
-137001
In base 8, what is 34 - 15113?
-15057
In base 2, what is -11100 - -10001110101110?
10001110010010
In base 12, what is 4 + -5017?
-5013
In base 8, what is -601047 - 3?
-601052
In base 7, what is 22 - -254?
306
In base 12, what is 23950 - 2?
2394a
In base 12, what is -2 + 10945?
10943
In base 6, what is 0 + 33203?
33203
In base 10, what is -1 - -941274?
941273
In base 6, what is -2225025 + -2?
-2225031
In base 9, what is -28072 + -7?
-28080
In base 14, what is 3 + 50642?
50645
In base 9, what is -1 + -361875?
-361876
In base 14, what is -10c8 + -37?
-1121
In base 9, what is 151767 - -34?
151812
In base 8, what is -5 + -150112?
-150117
In base 11, what is -16a9 - 21?
-171a
In base 15, what is 26b + -17?
254
In base 2, what is 11100001001101 - 101?
11100001001000
In base 10, what is 31641 - -25?
31666
In base 13, what is -27896 + 5?
-27891
In base 13, what is -1163 - c?
-1172
In base 16, what is -ee + -6b?
-159
In base 2, what is -1100110011110011 + 1011?
-1100110011101000
In base 4, what is -13312023 + -312?
-13313001
In base 5, what is 44 + 31100?
31144
In base 4, what is -3021 + -32223?
-101310
In base 14, what is -d46 + -13b?
-1083
In base 15, what is 2c16 - 14?
2c02
In base 14, what is -3c2c5 - 0?
-3c2c5
In base 16, what is 51b + 6e9?
c04
In base 10, what is -152247 + -3?
-152250
In base 6, what is 5 + -12144244?
-12144235
In base 6, what is 34013 + 352?
34405
In base 7, what is -152 - -2105?
1623
In base 14, what is -1 + 233c4?
233c3
In base 9, what is 13708 - 2?
13706
In base 4, what is 310002120 - -1?
310002121
In base 7, what is -10541415 - 3?
-10541421
In base 15, what is 2a - c193?
-c168
In base 13, what is -c6 + -21?
-117
In base 15, what is -15408 + 11?
-153e7
In base 5, what is -2 - 301403432?
-301403434
In base 14, what is dd8c - 22?
dd6a
In base 4, what is 1 + 1311331300?
1311331301
In base 6, what is 11414 + 333?
12151
In base 14, what is -3 + -5b587?
-5b58a
In base 7, what is -6 + -4244?
-4253
In base 13, what is -28 + 35a0?
3575
In base 16, what is -2 + 2356a?
23568
In base 8, what is 11161065 + -5?
11161060
In base 7, what is 112253 + 1?
112254
In base 9, what is 557164 + -2?
557162
In base 11, what is -80a4a3 - 2?
-80a4a5
In base 4, what is 31020 - 121332?
-30312
In base 4, what is 0 + 1123031003?
1123031003
In base 11, what is -4 + -23aa7?
-24000
In base 13, what is 20b58 + 2?
20b5a
In base 6, what is -324 - -403432?
403104
In base 10, what is 2518 + 492?
3010
In base 10, what is 300398 + 5?
300403
In base 6, what is -14334 - -15350?
1012
In base 12, what is a - 2351?
-2343
In base 3, what is -102101211 - -22210?
-102002001
In base 2, what is 1000010 + 1101101000010?
1101110000100
In base 7, what is 10 + 1611?
1621
In base 13, what is -3 + -1c66?
-1c69
In base 6, what is 201 + -1552?
-1351
In base 14, what is 3 - -3216a?
3216d
In base 11, what is 2733 + -28?
2706
In base 10, what is -3 + 886414?
886411
In base 3, what is -1 + -1202221021?
-1202221022
In base 2, what is -1001000 + 10111100?
1110100
In base 8, what is -2 + 1623?
1621
In base 12, what is -34 - -434?
400
In base 11, what is -1a + 33?
14
In base 6, what is 5 + -115305?
-115300
In base 10, what is 2081 + 135?
2216
In base 13, what is 4415 - -17?
442c
In base 11, what is 311 + 2072?
2383
In base 2, what is 1111101 + 110000110100?
110010110001
In base 2, what is 101001 - 11101110?
-11000101
In base 7, what is -153240 - 1?
-153241
In base 9, what is 130570 - 0?
130570
In base 14, what is -6ab - 94?
-761
In base 7, what is 2042503 + 13?
2042516
In base 14, what is -40 - -1136a?
1132a
In base 3, what is -101212200211 - -10?
-101212200201
In base 2, what is -11 + 111111010100100010011?
111111010100100010000
In base 14, what is -1090 - -11?
-107d
In base 3, what is -212210 - -220?
-211220
In base 9, what is 2686 + -1601?
1085
In base 15, what is 1 + -1855?
-1854
In base 12, what is 4a15 + -11?
4a04
In base 13, what is -1 + -13751?
-13752
In base 16, what is -3 + -a1221?
-a1224
In base 6, what is 20004 - -2?
20010
In base 12, what is 3 + -6a75?
-6a72
In base 13, what is a0 - -a?
aa
In base 10, what is 1611 + 1090?
2701
In base 8, what is 462 + -2640?
-2156
In base 8, what is 14312 - -1?
14313
In base 11, what is 4 + 1724a?
17253
In base 6, what is -3210543 + 3?
-3210540
In base 6, what is -21135 + 40?
-21055
In base 16, what is 12 + -1c60?
-1c4e
In base 3, what is -12121021 - -12?
-12121002
In base 6, what is 322 - 342?
-20
In base 14, what is 14 - -a70?
a84
In base 8, what is -1 - 34125?
-34126
In base 5, what is -1213 - -12?
-1201
In base 10, what is 945516 + -3?
945513
In base 4, what is 210 + -123233?
-123023
In base 13, what is 16a19c - -1?
16a1a0
In base 9, what is 381307 + 1?
381308
In base 6, what is -12 + -25530?
-25542
In base 13, what is -73 - -37a0?
372a
In base 11, what is -2658 - 1289?
-3936
In base 13, what is -2 - -25030c?
25030a
In base 8, what is 23 + -6110?
-6065
In base 4, what is -20202 - -10303?
-3233
In base 10, what is -10319 + 0?
-10319
In base 15, what is 30c91 + 3?
30c94
In base 15, what is 7 + -7c?
-75
In base 16, what is f + -85?
-76
In base 16, what is 19 + -9f3?
-9da
In base 12, what is -6 + 105b3?
105a9
In base 7, what is 115 - 4052?
-3634
In base 5, what is 1240204 + -1?
1240203
In base 9, what is 14484 - -8?
14503
In base 12, what is -8b9 - 129?
-a26
In base 9, what is -127131 + 4?
-127126
In base 16, what is 7 - 10c0a?
-10c03
In base 4, what is -12 - -131320?
131302
In base 14, what is 22991 - 5?
2298a
In base 10, what is -457 + -78?
-535
In base 13, what is 48 + 9464?
94ac
In base 3, what is 12020111011 + 102?
12020111120
In base 9, what is 8 + -426?
-417
In base 15, what is -1302 + -130?
-1432
In base 3, what is 101 - -110121220001?
110121220102
In base 5, what is 10 + 14200203?
14200213
In base 12, what is -3604 - 98?
-36a0
In base 7, what is -121 - -130216?
130065
In base 11, what is 6182 + -a?
6173
In base 6, what is 101212 + -23?
101145
In base 8, what is 40423 - -6?
40431
In base 5, what is -4 + 232134?
232130
In base 4, what is -20 + -22222133?
-22222213
In base 4, what i